 be the first derivative of 2*k**2 + 7*k - 60. Calculate h(-3).
-5
Let u(i) be the first derivative of i**2 + 11*i - 43. Give u(-8).
-5
Let k(h) be the third derivative of -h**5/60 + 7*h**4/24 + 4*h**3/3 - 56*h**2. Give k(9).
-10
Let u(z) be the third derivative of z**4/6 + z**3 - 50*z**2. Let x(k) = 10*k + 11. Let q(l) = -7*u(l) + 3*x(l). Determine q(7).
5
Let q(i) = 9*i**2 - 4*i - 1. Let n(v) = -v**2 + 3*v. Let r(o) = 2*n(o) + q(o). What is r(1)?
8
Let p = 656 + -652. Let a(h) = h**3 - 5*h**2 - h + 4. Give a(p).
-16
Suppose -4*j + j = -18. Let k(u) = 7 + 4*u - j*u + 3*u. Let z be k(-6). Let x(v) = v**3 - 2*v**2 + v. What is x(z)?
0
Let c be 50/15*(-9)/(-6) - 8. Let j(x) = -2*x**3 - 2*x**2 + 3*x + 1. What is j(c)?
28
Let l(c) = -c - 11. Suppose -80 = 5*n + 2*i - 31, 2*n + 22 = -2*i. What is l(n)?
-2
Let f(v) = -v**2 - 8*v + 7. Let k be f(-7). Let y(w) = -6*w + k*w - 12*w. Let n be 5/(-10)*(-1 - -3). Determine y(n).
4
Let a(l) = l - 10. Let s(d) = d + 18. Let m be s(-14). Let k be a(m). Let j(u) = -u**3 - 5*u**2 + 6*u - 8. Calculate j(k).
-8
Suppose 27 = -3*c + 5*u - 10, 3*c = -3*u + 3. Let o(t) = t**2 + 8*t + 1. Let p be o(-8). Let r = c + p. Let a(d) = 2*d + 1. Calculate a(r).
-5
Let c(p) = -9*p**2 + 3*p + 20. Let k(i) = -11*i**2 + 2*i + 23. Let h(x) = 6*c(x) - 5*k(x). Calculate h(-4).
-11
Let w(i) = 2*i - 6. Let q be 4 + (-2)/10*0. Calculate w(q).
2
Let h = 1 + 4. Let k(i) = i**2 + 8*i + 5. Let q be k(-8). Let p(f) = 6*f**2 + 3. Let y(r) = r**2 + r + 1. Let g(b) = q*y(b) - p(b). What is g(h)?
2
Let j = -1 + 4. Suppose 4 = j*l - 5. Suppose l*v - 4 - 5 = 0. Let o(f) = f**3 - 5*f**2 + 3*f + 2. Determine o(v).
-7
Let u(y) = -3*y**2 + 75*y + 82. Let x be u(26). Let n(v) = 5*v - 2. Let f(k) = 9*k - 3. Suppose 4*w - 22 = -2. Let b(h) = w*n(h) - 3*f(h). Determine b(x).
-9
Let h(c) be the first derivative of 1/4*c**4 + c**2 + 2*c**3 + 9*c + 12. What is h(-6)?
-3
Let l = 359 + -357. Suppose 0 = -0*i - 4*i. Let f(a) = 3*a**2 + i*a**3 + 0*a**2 - l*a**2 - 5*a**3. Calculate f(1).
-4
Let y be 3/(-2)*(-4)/(-3). Let j(w) be the first derivative of 2/3*w**3 + 3/2*w**2 + 0*w - 21. Determine j(y).
2
Let y(u) = -6*u**3 - u**2 + u + 1. Let o be y(-1). Let z(k) = 8*k + 0*k - 198*k**2 + 399*k**2 - 202*k**2 - 7. What is z(o)?
8
Let d = 3 - 5. Let l be 14*4*d/(-16). Let t(z) = -l + 2 - z**2 + 2 + z**3 + 1 + 2*z. Determine t(2).
6
Let r(d) = d**2 - 14*d - 1. Suppose -2*o = 23 - 21. Let c(l) = -l. Let n(v) = o*r(v) + 6*c(v). Determine n(9).
-8
Suppose -5*s + 4*n = -3*s + 22, -5*s - 10 = -n. Let t(k) = -1 + 4*k - 10*k**3 - 5*k + 0. Give t(s).
10
Let n(k) = -7*k + 1. Let q(f) = -f**3 + 14*f**2 + 8. Let a be q(14). Let c be 12/(-32)*a/(-6)*2. Determine n(c).
-6
Let r(c) be the second derivative of 1/12*c**4 + c**3 + 5/2*c**2 + 0 - 5*c. Calculate r(-4).
-3
Let b be (-32)/(-10)*5/2. Let z be (-2 + b - -3) + (-1 - 2). Let l(d) = -d**2 + 9*d + 5. Determine l(z).
23
Let b(t) be the third derivative of t**4/12 + t**3/6 - 122*t**2. Calculate b(6).
13
Let z(c) = 12*c**2 - 1. Let l(r) = -r**3 + 36*r**2 + 77*r - 37. Let i be l(38). Give z(i).
11
Let h(j) = -j**3 - 9*j**2 + j + 3. Let r be (-2 - 4)/3 + -7. Let q be h(r). Let c(v) = v**2 + 5*v - 4. What is c(q)?
2
Suppose 3*t = t - 8. Let y be (-2)/t + 132/(-8). Let v = y - -18. Let k(o) = -3*o**2 - 3*o + 2. What is k(v)?
-16
Let f(i) = 2*i + 5 - 2*i**2 + 13 - 17 + 3*i**2. Give f(2).
9
Let y(z) = 5*z + 16. Let g(n) = -4*n - 14. Let v(i) = -4*g(i) - 3*y(i). Calculate v(-13).
-5
Let i be 3/(-6) + ((-375)/10)/(-3). Let k(v) = v - 41. Determine k(i).
-29
Suppose 5*u + 31 = -5*n + 8*u, -4*n + 5*u - 17 = 0. Let d(c) = c**2 + 5*c - 23. What is d(n)?
1
Let v(m) = -7 + 2 - m + 0. Let g(b) = 2*b**2 - 39 + 2*b + 0*b - 8*b**2 + 37. Let y be g(1). Determine v(y).
1
Suppose 4*v = -w - 27, -v + 0*v - 10 = -3*w. Let h(k) = 8*k - 6 - k**2 + 9*k**2 + 0*k + 0*k**3 + k**3. What is h(v)?
-13
Let f(n) = -n + 7. Let m(x) = x + 5*x - 7 - 4*x. Let z(p) = p**2 + 3*p - 3. Let g be z(-3). Let v(o) = g*f(o) - 2*m(o). Give v(-5).
-2
Let y(u) be the first derivative of 5/6*u**3 + 1/60*u**5 + 0*u + 5 - 5/24*u**4 + 2*u**2. Let r(c) be the second derivative of y(c). Calculate r(5).
5
Let j(c) = -c - 9. Let n be j(-10). Let o be (-1)/(n/4*-2). Let u(m) = m**3 + 4 - 3*m + 4*m + 11*m**2 + 6*m - 4*m**o. Determine u(-6).
-2
Let d(v) = v**2 + 6*v + 30. Let u be d(-9). Suppose -12*s = -u - 3. Let y(h) = -h**3 + 4*h**2 + 3*h + 4. What is y(s)?
-6
Let f(t) = -29*t**2 + 5*t - t**3 - 49 + 23*t**2 + 48. Determine f(-7).
13
Let y(m) be the third derivative of -m**6/120 - 3*m**5/10 + 5*m**4/6 + 5*m**3/2 + 2*m**2 - 21*m. Determine y(-19).
-4
Let w(u) = 13 + 6 - 18 - 12*u. Suppose -4*f - 3 - 1 = 0. Calculate w(f).
13
Let c be ((-1)/(-1)*1)/((-80)/400). Let t(r) = r - 6. What is t(c)?
-11
Let i(z) = -5*z**2 - z. Let b(u) = -u - 9. Suppose 4*w - 36 = 5*j, 12 = j - 3*j + 4*w. Let r be b(j). What is i(r)?
-4
Let p(v) be the third derivative of v**7/5040 + v**6/240 - 3*v**5/20 + 13*v**2. Let g(m) be the third derivative of p(m). Give g(-5).
-2
Let n be -5*10/(-225) + 16/9. Let f(p) = 6*p**n - 7 - 2*p + 4 + p**3 - 5. Suppose 3*a = 4*z + 17 + 1, -3*a - 6 = 0. Calculate f(z).
4
Let u(g) = -4*g - 25. Let l be u(-7). Let j(k) = -4 + k - 5*k + l*k + 2*k. Calculate j(-4).
-8
Let y(a) = -2*a + 5. Let j be ((-3)/(-4 + 13))/((-1)/6). Suppose j*x = -37 + 45. Give y(x).
-3
Let n(v) be the second derivative of 7*v**3/6 - 6*v. Let i be n(-3). Let c be -10*(i/6)/7. Let s(u) = -u**3 + 4*u**2 + 5*u + 5. Give s(c).
5
Let v(s) be the second derivative of -s**5/20 + s**4/3 - s**3/6 + s**2/2 + 2*s. Suppose -2*h + 4*h = 0. Suppose 2*q - 1 - 5 = h. What is v(q)?
7
Let t be 0*8/8 - 1. Let u(a) = -a**2 - a + 1. What is u(t)?
1
Let g be 3/12 + (-4)/16. Suppose g*z = -4*z + 4. Suppose 2*j + 3 + z = 0. Let l(q) = -q - 2. Calculate l(j).
0
Let z(j) = 2*j - 6. Let f(w) = 5*w**3 - w + 1. Let r be f(1). Let i(g) = -11 + 19*g - 10*g - r*g. Let b(t) = 4*i(t) - 7*z(t). What is b(-2)?
-6
Let x be ((-1)/2*1)/(3/102). Let y(w) = 7*w**2 - 13*w - 7. Let u(z) = 20*z**2 - 38*z - 20. Let k(n) = x*y(n) + 6*u(n). Give k(7).
-1
Suppose 16*u - 5 = 15*u. Suppose 3*i - 3 = 4*i. Let s(j) = j**2 - j - 1. Let b(d) = -2*d**2 - d - 2. Let h(z) = i*s(z) - b(z). Calculate h(u).
0
Let n(s) = 12*s - 4. Let j(k) = 5*k - 2. Let u(x) = -7*j(x) + 3*n(x). Give u(0).
2
Let w(d) be the first derivative of d**4/4 + d**3/3 - d**2/2 - 16*d + 363. Give w(0).
-16
Let a(t) = -10*t**2 + 3*t + 2. Suppose -30 + 104 = -37*f. Calculate a(f).
-44
Let g(q) = 0 + 0 + 1 + q + 2. Suppose 2*h = 7*h - 40. Suppose 0 = f - 3*f - h. Calculate g(f).
-1
Let o be -2 + (8/(-4) - -5). Let r(k) = 3*k**2 - 5*k**2 + 1 - 3*k**2. Give r(o).
-4
Suppose 4*a = 35*a - 93. Let k(w) be the third derivative of 1/20*w**5 + 1/40*w**6 - 1/6*w**a + w**2 + 1/24*w**4 + 0 + 0*w. Determine k(-2).
-15
Let s(a) = 5*a**2 + 9*a + 23. Let q(u) = 6*u**2 + 8*u + 26. Let o(k) = 4*q(k) - 5*s(k). Give o(-12).
1
Let p be -2*(18 - 0)*-1. Suppose -2*v + p - 28 = 0. Let c(u) = u**3 - 5*u**2 + 4*u - 5. Determine c(v).
-5
Let q(a) = 5. Let o(s) = s - 19. Let b(g) = o(g) + 3*q(g). Suppose -w + 2*y = -1 - 3, 4*w + 4*y = 4. What is b(w)?
-2
Let w = 26 + -26. Suppose -3 = u - w*u. Let c(l) = 5*l + 4. Determine c(u).
-11
Let r(b) = -b**3 - 5*b**2 + 5*b - 2. Suppose 9 = 4*j - 11. Suppose -j*q = -5, 4*t + 5*q + 3 + 4 = 0. Let s = t + -3. Calculate r(s).
4
Suppose 0*y + 4*y - 17 = 5*s, -2*s = -5*y + 17. Let r = 30 + 40. Let v(c) = -r + 70 - 12*c**3 + 3*c - 2*c. Calculate v(s).
11
Let d(j) = 2*j - 6. Suppose -12*i - 14 = -2. Let v be ((-12)/9)/(i*(-3)/(-18)). Give d(v).
10
Let m = -85 - -81. Let s(d) = d**3 + 5*d**2 + 2*d - 1. Give s(m).
7
Let v(w) = w**3 + 6*w**2 - 6*w + 7. Let x be v(-7). Let u(j) = -15 - 15 - 22*j**2 + 7*j**2 + 31 + 16*j**2. Calculate u(x).
1
Let g(f) = -5*f - 29. Let d be g(-7). Let i(u) = 3*u - u**3 - 1 + d*u**2 + 10 + 1 + 0. Calculate i(7).
-18
Let h(p) = -3 + 2 + 10 + 2*p - 13. What is h(7)?
10
Let a(g) = g**2 - 7*g + 5. Suppose 58*k = 40*k + 126. What is a(k)?
5
Let h(v) = -25*v + 402. Let o be h(16). Let m(q) = -8*q + 6. What is m(o)?
-10
Let c(z) = 2*z + 0*z - 2*z**2 + z - 1 + 6*z**3 - 13*z**3 - 1. What is c(2)?
-60
Suppose -j - 5 = -6. Let m be (10/(-15))/(j/(-3)). Let f(g) = -15*g**m + 